{"id":2012,"date":"2015-07-05T02:17:31","date_gmt":"2015-07-04T23:17:31","guid":{"rendered":"http:\/\/kosmosmacerasi.com\/v1\/?page_id=2012"},"modified":"2019-03-18T10:01:05","modified_gmt":"2019-03-18T08:01:05","slug":"videolar","status":"publish","type":"page","link":"http:\/\/kosmosmacerasi.com\/v1\/videolar\/","title":{"rendered":"Videolar"},"content":{"rendered":"\n\t\t<div class=\"clearfix\"><\/div>\n\t\t<hr style=\"margin-top:10px; margin-bottom:10px;\" class=\"divider divider-normal\">\n\t\n\n\t\t<div class=\"one_half tie-columns\">\n<p><iframe loading=\"lazy\" title=\"Truth Does Not Fear Investigation (2017 Documentary)\" width=\"500\" height=\"281\" src=\"https:\/\/www.youtube.com\/embed\/7nFwPDZF_Z8?feature=oembed\" frameborder=\"0\" allow=\"accelerometer; autoplay; clipboard-write; encrypted-media; gyroscope; picture-in-picture; web-share\" referrerpolicy=\"strict-origin-when-cross-origin\" allowfullscreen><\/iframe><br \/>\n\n\t\t<\/div>\n\t\n\n\t\t<div class=\"one_half tie-columns last\">\n<p><iframe loading=\"lazy\" title=\"Truth Does Not Fear Investigation - Part II (2017 Documentary)\" width=\"500\" height=\"281\" src=\"https:\/\/www.youtube.com\/embed\/TOD7CwDvqlg?start=2&#038;feature=oembed\" frameborder=\"0\" allow=\"accelerometer; autoplay; clipboard-write; encrypted-media; gyroscope; picture-in-picture; web-share\" referrerpolicy=\"strict-origin-when-cross-origin\" allowfullscreen><\/iframe><br \/>\n\n\t\t<\/div>\n\t\t<div class=\"clearfix\"><\/div>\n\t\n\n\t\t<div class=\"clearfix\"><\/div>\n\t\t<hr style=\"margin-top:10px; margin-bottom:10px;\" class=\"divider divider-normal\">\n\t\n\n\t\t<div class=\"one_half tie-columns\">\n<p><a href=\"https:\/\/www.youtube.com\/watch?v=jc7gsdonMHw\">https:\/\/www.youtube.com\/watch?v=jc7gsdonMHw<\/a><br \/>\n\n\t\t<\/div>\n\t\n\n\t\t<div class=\"one_half tie-columns last\">\n<p><iframe loading=\"lazy\" title=\"Undeniable Proof Man Has Never Gone to The Moon!!! | 2018\" width=\"500\" height=\"281\" src=\"https:\/\/www.youtube.com\/embed\/NbSPzeRvacU?start=96&#038;feature=oembed\" frameborder=\"0\" allow=\"accelerometer; autoplay; clipboard-write; encrypted-media; gyroscope; picture-in-picture; web-share\" referrerpolicy=\"strict-origin-when-cross-origin\" allowfullscreen><\/iframe><br \/>\n\n\t\t<\/div>\n\t\t<div class=\"clearfix\"><\/div>\n\t\n\n\t\t<div class=\"clearfix\"><\/div>\n\t\t<hr style=\"margin-top:10px; margin-bottom:10px;\" class=\"divider divider-normal\">\n\t\n\n\t\t<div class=\"one_half tie-columns\">\n<p><iframe loading=\"lazy\" title=\"G\u00f6beklitepe ve insanl\u0131k tarihi\" width=\"500\" height=\"281\" src=\"https:\/\/www.youtube.com\/embed\/-ZxsjK3VYQ4?feature=oembed\" frameborder=\"0\" allow=\"accelerometer; autoplay; clipboard-write; encrypted-media; gyroscope; picture-in-picture; web-share\" referrerpolicy=\"strict-origin-when-cross-origin\" allowfullscreen><\/iframe><br \/>\n\n\t\t<\/div>\n\t\n\n\t\t<div class=\"one_half tie-columns last\">\n<p><iframe loading=\"lazy\" title=\"\u0130NTERNET ER\u0130\u015e\u0130M\u0130 VE UYDU EFSANES\u0130\" width=\"500\" height=\"281\" src=\"https:\/\/www.youtube.com\/embed\/liFmMpK8K44?start=158&#038;feature=oembed\" frameborder=\"0\" allow=\"accelerometer; autoplay; clipboard-write; encrypted-media; gyroscope; picture-in-picture; web-share\" referrerpolicy=\"strict-origin-when-cross-origin\" allowfullscreen><\/iframe><br \/>\n\n\t\t<\/div>\n\t\t<div class=\"clearfix\"><\/div>\n\t\n\n\t\t<div class=\"clearfix\"><\/div>\n\t\t<hr style=\"margin-top:10px; margin-bottom:10px;\" class=\"divider divider-normal\">\n\t\n\n\t\t<div class=\"one_half tie-columns\">\n<p><a href=\"https:\/\/www.youtube.com\/watch?v=jr4HAcOigXA\">https:\/\/www.youtube.com\/watch?v=jr4HAcOigXA<\/a><br \/>\n\n\t\t<\/div>\n\t\n\n\t\t<div class=\"one_half tie-columns last\">\n<p><iframe loading=\"lazy\" title=\"Sirius - \u0130nsanl\u0131ktan Saklanan Ger\u00e7ekler! (Belgesel Film)\" width=\"500\" height=\"281\" src=\"https:\/\/www.youtube.com\/embed\/RlOBdf4rOJU?feature=oembed\" frameborder=\"0\" allow=\"accelerometer; autoplay; clipboard-write; encrypted-media; gyroscope; picture-in-picture; web-share\" referrerpolicy=\"strict-origin-when-cross-origin\" allowfullscreen><\/iframe><br \/>\n\n\t\t<\/div>\n\t\t<div class=\"clearfix\"><\/div>\n\t\n\n\t\t<div class=\"clearfix\"><\/div>\n\t\t<hr style=\"margin-top:10px; margin-bottom:10px;\" class=\"divider divider-normal\">\n\t\n\n\t\t<div class=\"one_half tie-columns\">\n<p><iframe loading=\"lazy\" title=\"\u00d6teki G\u00fcndem - 18 Kas\u0131m 2016 (D\u00fcnya D\u0131\u015f\u0131 Zeki Varl\u0131klar)\" width=\"500\" height=\"281\" src=\"https:\/\/www.youtube.com\/embed\/DUx-8qjBqTo?feature=oembed\" frameborder=\"0\" allow=\"accelerometer; autoplay; clipboard-write; encrypted-media; gyroscope; picture-in-picture; web-share\" referrerpolicy=\"strict-origin-when-cross-origin\" allowfullscreen><\/iframe><br \/>\n\n\t\t<\/div>\n\t\n\n\t\t<div class=\"one_half tie-columns last\">\n<p><a href=\"https:\/\/www.youtube.com\/watch?v=23SdmJ7y_eI\">https:\/\/www.youtube.com\/watch?v=23SdmJ7y_eI<\/a><br \/>\n\n\t\t<\/div>\n\t\t<div class=\"clearfix\"><\/div>\n\t\n\n\t\t<div class=\"clearfix\"><\/div>\n\t\t<hr style=\"margin-top:10px; margin-bottom:10px;\" class=\"divider divider-normal\">\n\t\n\n\t\t<div class=\"one_half tie-columns\">\n<p><a href=\"https:\/\/www.youtube.com\/watch?v=UuxuNxb5f-0&#038;t=219s\">https:\/\/www.youtube.com\/watch?v=UuxuNxb5f-0&amp;t=219s<\/a><br \/>\n\n\t\t<\/div>\n\t\n\n\t\t<div class=\"one_half tie-columns last\">\n<p><iframe loading=\"lazy\" title=\"Evren Bilgisayar \u00dcr\u00fcn\u00fc Olabilir Mi? - Simulasyon Teorisi\" width=\"500\" height=\"281\" src=\"https:\/\/www.youtube.com\/embed\/42qA2beyf_Q?feature=oembed\" frameborder=\"0\" allow=\"accelerometer; autoplay; clipboard-write; encrypted-media; gyroscope; picture-in-picture; web-share\" referrerpolicy=\"strict-origin-when-cross-origin\" allowfullscreen><\/iframe><br \/>\n\n\t\t<\/div>\n\t\t<div class=\"clearfix\"><\/div>\n\t\n\n\t\t<div class=\"clearfix\"><\/div>\n\t\t<hr style=\"margin-top:10px; margin-bottom:10px;\" class=\"divider divider-normal\">\n\t\n\n\t\t<div class=\"one_half tie-columns\">\n<p><iframe loading=\"lazy\" title=\"\u00d6teki G\u00fcndem - 25 Mart 2016 (UFO&#039;lar ve D\u00fcnya D\u0131\u015f\u0131 Varl\u0131klar)\u1d34\u1d30\" width=\"500\" height=\"281\" src=\"https:\/\/www.youtube.com\/embed\/DtNJ_Q8Tpnk?feature=oembed\" frameborder=\"0\" allow=\"accelerometer; autoplay; clipboard-write; encrypted-media; gyroscope; picture-in-picture; web-share\" referrerpolicy=\"strict-origin-when-cross-origin\" allowfullscreen><\/iframe><br \/>\n\n\t\t<\/div>\n\t\n\n\t\t<div class=\"one_half tie-columns last\">\n<p><a href=\"https:\/\/www.youtube.com\/watch?v=IO0VyJrssLM&#038;t=21s\">https:\/\/www.youtube.com\/watch?v=IO0VyJrssLM&amp;t=21s<\/a><br \/>\n\n\t\t<\/div>\n\t\t<div class=\"clearfix\"><\/div>\n\t\n\n\t\t<div class=\"clearfix\"><\/div>\n\t\t<hr style=\"margin-top:10px; margin-bottom:10px;\" class=\"divider divider-normal\">\n\t\n\n\t\t<div class=\"one_half tie-columns\">\n<p><iframe loading=\"lazy\" title=\"1900&#039;ler ve Amerika G\u00f6ky\u00fcz\u00fcnden Yery\u00fcz\u00fcne Bak\u0131yor!\" width=\"500\" height=\"281\" src=\"https:\/\/www.youtube.com\/embed\/irt2YpXFLb8?start=615&#038;feature=oembed\" frameborder=\"0\" allow=\"accelerometer; autoplay; clipboard-write; encrypted-media; gyroscope; picture-in-picture; web-share\" referrerpolicy=\"strict-origin-when-cross-origin\" allowfullscreen><\/iframe><br \/>\n\n\t\t<\/div>\n\t\n\n\t\t<div class=\"one_half tie-columns last\">\n<p><iframe loading=\"lazy\" title=\"K\u00fclt\u00fcr\u00fcm\u00fczde Yanl\u0131\u015f Olan Ne - Alan Watts\" width=\"500\" height=\"281\" src=\"https:\/\/www.youtube.com\/embed\/knTAJAoKBxg?feature=oembed\" frameborder=\"0\" allow=\"accelerometer; autoplay; clipboard-write; encrypted-media; gyroscope; picture-in-picture; web-share\" referrerpolicy=\"strict-origin-when-cross-origin\" allowfullscreen><\/iframe><br \/>\n\n\t\t<\/div>\n\t\t<div class=\"clearfix\"><\/div>\n\t\n\n\t\t<div class=\"clearfix\"><\/div>\n\t\t<hr style=\"margin-top:10px; margin-bottom:10px;\" class=\"divider divider-normal\">\n\t\n\n\t\t<div class=\"one_half tie-columns\">\n<p><iframe loading=\"lazy\" title=\"Ne Diye Kimyasal P\u00fcsk\u00fcrt\u00fcyorlar? (Belgesel)\" width=\"500\" height=\"281\" src=\"https:\/\/www.youtube.com\/embed\/Ik78JigEt3A?start=46&#038;feature=oembed\" frameborder=\"0\" allow=\"accelerometer; autoplay; clipboard-write; encrypted-media; gyroscope; picture-in-picture; web-share\" referrerpolicy=\"strict-origin-when-cross-origin\" allowfullscreen><\/iframe><br \/>\n\n\t\t<\/div>\n\t\n\n\t\t<div class=\"one_half tie-columns last\">\n<p><iframe loading=\"lazy\" title=\"MUST SEE!!!  No satellites in space!  Just balloons above the Flat Earth\" width=\"500\" height=\"281\" src=\"https:\/\/www.youtube.com\/embed\/PxXGcc5OdmA?start=218&#038;feature=oembed\" frameborder=\"0\" allow=\"accelerometer; autoplay; clipboard-write; encrypted-media; gyroscope; picture-in-picture; web-share\" referrerpolicy=\"strict-origin-when-cross-origin\" allowfullscreen><\/iframe><br \/>\n\n\t\t<\/div>\n\t\t<div class=\"clearfix\"><\/div>\n\t\n\n\t\t<div class=\"clearfix\"><\/div>\n\t\t<hr style=\"margin-top:10px; margin-bottom:10px;\" class=\"divider divider-normal\">\n\t\n\n\t\t<div class=\"one_half tie-columns\">\n<p><a href=\"https:\/\/www.youtube.com\/watch?v=hpwULOsSUV8\">https:\/\/www.youtube.com\/watch?v=hpwULOsSUV8<\/a><br \/>\n\n\t\t<\/div>\n\t\n\n\t\t<div class=\"one_half tie-columns last\">\n<p><a href=\"https:\/\/www.youtube.com\/watch?v=mMfbo2rToY4#t=427\">https:\/\/www.youtube.com\/watch?v=mMfbo2rToY4#t=427<\/a><br \/>\n\n\t\t<\/div>\n\t\t<div class=\"clearfix\"><\/div>\n\t\n\n\t\t<div class=\"clearfix\"><\/div>\n\t\t<hr style=\"margin-top:10px; margin-bottom:10px;\" class=\"divider divider-normal\">\n\t\n\n\t\t<div class=\"one_half tie-columns\">\n<p><iframe loading=\"lazy\" title=\"Zeitgeist 1 The Movie T\u00fcrk\u00e7e Alt Yaz\u0131l\u0131\" width=\"500\" height=\"375\" src=\"https:\/\/www.youtube.com\/embed\/EkFL7wSW9Nk?feature=oembed\" frameborder=\"0\" allow=\"accelerometer; autoplay; clipboard-write; encrypted-media; gyroscope; picture-in-picture; web-share\" referrerpolicy=\"strict-origin-when-cross-origin\" allowfullscreen><\/iframe><br \/>\n\n\t\t<\/div>\n\t\n\n\t\t<div class=\"one_half tie-columns last\">\n<p><a href=\"https:\/\/www.youtube.com\/watch?v=4loNDxbLyc0\">https:\/\/www.youtube.com\/watch?v=4loNDxbLyc0<\/a><br \/>\n\n\t\t<\/div>\n\t\t<div class=\"clearfix\"><\/div>\n\t\n\n\t\t<div class=\"clearfix\"><\/div>\n\t\t<hr style=\"margin-top:10px; margin-bottom:10px;\" class=\"divider divider-normal\">\n\t\n\n\t\t<div class=\"one_half tie-columns\">\n<p><iframe loading=\"lazy\" title=\"Kanada Savunma Bakanl\u0131\u011f\u0131&#039;ndan Emekli Paul Hellyer&#039;den A\u00e7\u0131klama\" width=\"500\" height=\"281\" src=\"https:\/\/www.youtube.com\/embed\/_8AhwxqFvOM?feature=oembed\" frameborder=\"0\" allow=\"accelerometer; autoplay; clipboard-write; encrypted-media; gyroscope; picture-in-picture; web-share\" referrerpolicy=\"strict-origin-when-cross-origin\" allowfullscreen><\/iframe><br \/>\n\n\t\t<\/div>\n\t\n\n\t\t<div class=\"one_half tie-columns last\">\n<p><iframe loading=\"lazy\" title=\"U\u00e7u\u015f Rotas\u0131 Yalan\u0131 - Bir Yalan\u0131n \u00c7\u00f6k\u00fc\u015f\u00fc\" width=\"500\" height=\"281\" src=\"https:\/\/www.youtube.com\/embed\/sbp_xl6NWVY?start=239&#038;feature=oembed\" frameborder=\"0\" allow=\"accelerometer; autoplay; clipboard-write; encrypted-media; gyroscope; picture-in-picture; web-share\" referrerpolicy=\"strict-origin-when-cross-origin\" allowfullscreen><\/iframe><br \/>\n\n\t\t<\/div>\n\t\t<div class=\"clearfix\"><\/div>\n\t\n\n\t\t<div class=\"clearfix\"><\/div>\n\t\t<hr style=\"margin-top:10px; margin-bottom:10px;\" class=\"divider divider-normal\">\n\t\n\n\t\t<div class=\"one_half tie-columns\">\n<p><a href=\"https:\/\/www.youtube.com\/watch?v=ozckOklmSW8\">https:\/\/www.youtube.com\/watch?v=ozckOklmSW8<\/a><br \/>\n\n\t\t<\/div>\n\t\n\n\t\t<div class=\"one_half tie-columns last\">\n<p><iframe loading=\"lazy\" title=\"Piramitleri uzayl\u0131larm\u0131 yapt\u0131 ? iste herseyi aciklayan belgesel\" width=\"500\" height=\"375\" src=\"https:\/\/www.youtube.com\/embed\/SkJvbU4_hcY?feature=oembed\" frameborder=\"0\" allow=\"accelerometer; autoplay; clipboard-write; encrypted-media; gyroscope; picture-in-picture; web-share\" referrerpolicy=\"strict-origin-when-cross-origin\" allowfullscreen><\/iframe><br \/>\n\n\t\t<\/div>\n\t\t<div class=\"clearfix\"><\/div>\n\t\n\n\t\t<div class=\"clearfix\"><\/div>\n\t\t<hr style=\"margin-top:10px; margin-bottom:10px;\" class=\"divider divider-normal\">\n\t\n\n\t\t<div class=\"one_half tie-columns\">\n<p><iframe loading=\"lazy\" title=\"Ne Biliyoruz ki ? Dr. Kuantum - Tav\u015fan Deli\u011fi - Tek Par\u00e7a @vitaminsaati\" width=\"500\" height=\"281\" src=\"https:\/\/www.youtube.com\/embed\/adcRFYMuWoc?feature=oembed\" frameborder=\"0\" allow=\"accelerometer; autoplay; clipboard-write; encrypted-media; gyroscope; picture-in-picture; web-share\" referrerpolicy=\"strict-origin-when-cross-origin\" allowfullscreen><\/iframe><br \/>\n\n\t\t<\/div>\n\t\n\n\t\t<div class=\"one_half tie-columns last\">\n<p><iframe loading=\"lazy\" title=\"\u2714 Beautiful Deep Sea Alien Life Creatures + More ~ (no photos) You Won&#039;t Believe Your Eyes!\" width=\"500\" height=\"281\" src=\"https:\/\/www.youtube.com\/embed\/saNgbeEe9Tc?feature=oembed\" frameborder=\"0\" allow=\"accelerometer; autoplay; clipboard-write; encrypted-media; gyroscope; picture-in-picture; web-share\" referrerpolicy=\"strict-origin-when-cross-origin\" allowfullscreen><\/iframe><br \/>\n\n\t\t<\/div>\n\t\t<div class=\"clearfix\"><\/div>\n\t\n\n\t\t<div class=\"clearfix\"><\/div>\n\t\t<hr style=\"margin-top:10px; margin-bottom:10px;\" class=\"divider divider-normal\">\n\t\n\n\t\t<div class=\"one_half tie-columns\">\n<p><a href=\"https:\/\/www.youtube.com\/watch?v=fa7M1bQTQBQ\">https:\/\/www.youtube.com\/watch?v=fa7M1bQTQBQ<\/a><br \/>\n\n\t\t<\/div>\n\t\n\n\t\t<div class=\"one_half tie-columns last\">\n<p><iframe loading=\"lazy\" title=\"NASA ISS FAKE - 1\" width=\"500\" height=\"281\" src=\"https:\/\/www.youtube.com\/embed\/oOa1Zv7nvbc?start=36&#038;feature=oembed\" frameborder=\"0\" allow=\"accelerometer; autoplay; clipboard-write; encrypted-media; gyroscope; picture-in-picture; web-share\" referrerpolicy=\"strict-origin-when-cross-origin\" allowfullscreen><\/iframe><br \/>\n\n\t\t<\/div>\n\t\t<div class=\"clearfix\"><\/div>\n\t\n","protected":false},"excerpt":{"rendered":"","protected":false},"author":1,"featured_media":0,"parent":0,"menu_order":0,"comment_status":"open","ping_status":"open","template":"","meta":{"footnotes":""},"class_list":["post-2012","page","type-page","status-publish","hentry"],"_links":{"self":[{"href":"http:\/\/kosmosmacerasi.com\/v1\/wp-json\/wp\/v2\/pages\/2012","targetHints":{"allow":["GET"]}}],"collection":[{"href":"http:\/\/kosmosmacerasi.com\/v1\/wp-json\/wp\/v2\/pages"}],"about":[{"href":"http:\/\/kosmosmacerasi.com\/v1\/wp-json\/wp\/v2\/types\/page"}],"author":[{"embeddable":true,"href":"http:\/\/kosmosmacerasi.com\/v1\/wp-json\/wp\/v2\/users\/1"}],"replies":[{"embeddable":true,"href":"http:\/\/kosmosmacerasi.com\/v1\/wp-json\/wp\/v2\/comments?post=2012"}],"version-history":[{"count":72,"href":"http:\/\/kosmosmacerasi.com\/v1\/wp-json\/wp\/v2\/pages\/2012\/revisions"}],"predecessor-version":[{"id":4488,"href":"http:\/\/kosmosmacerasi.com\/v1\/wp-json\/wp\/v2\/pages\/2012\/revisions\/4488"}],"wp:attachment":[{"href":"http:\/\/kosmosmacerasi.com\/v1\/wp-json\/wp\/v2\/media?parent=2012"}],"curies":[{"name":"wp","href":"https:\/\/api.w.org\/{rel}","templated":true}]}}